 f(p) = p + 3*p**2 - p**3 - 4*p - 3*p**2 + 5*p**2 - 4. Let k = 59 - 56. What is the units digit of f(k)?
5
Let c(b) = b**3 + 19*b**2 + 14*b - 14. What is the tens digit of c(-13)?
1
Suppose 0 = 4*h - 2*a - 638, 4*h + 3*a = h + 474. Suppose 7*q - 4*q = h. What is the units digit of q?
3
Let j be 1/((-12)/16*(-1)/255). Suppose 4*x = -4*a + j, 2*x - 4*x - 4*a = -166. What is the tens digit of x?
8
Let g be 2 - (-4)/(-6)*-6. What is the units digit of (-4)/3*(-279)/g?
2
Let g = 26 - 23. What is the tens digit of g + 5 + -6 + 113?
1
Suppose -5*u + 2*c = -3355, 4*u - 7*u = 2*c - 2029. What is the tens digit of u?
7
Let x = 25 + -39. What is the tens digit of x*1/((-4)/18)?
6
Suppose 0*z - 4*a - 934 = -2*z, 5*z = -5*a + 2395. Let f = z - 278. What is the units digit of f?
7
Suppose 0 = -7*z + 28*z - 1155. What is the units digit of z?
5
Suppose 0*f = -3*u + 3*f + 15, 17 = 3*u - 4*f. Suppose m = 2*i + 118, u*i - 94 = -3*m + 278. Let p = -74 + m. What is the units digit of p?
8
Suppose 2*b - 5 = t + 5, 2*t - 4 = -4*b. Let s be ((-28)/(-12))/(1/b). Suppose 5*z - s*z = -32. What is the units digit of z?
6
Suppose 0 = 8*o + 4*o - 24. Suppose -3*l = -2*p - 629, l - 207 = -o*p - 0*p. What is the units digit of l?
9
Let f(z) = z**3 - 6*z**2 + 7*z - 4. Let r = 3 + 2. Let h be f(r). Suppose 3*n + 2*k - 92 = h*k, 5*n - 176 = k. What is the tens digit of n?
3
Let l(i) = 2*i**2 + 12*i - 23. Suppose 9*m - 4*m = 25. What is the units digit of l(m)?
7
Suppose 0 = 13*j - 11*j + 174. Let w = -56 - j. What is the units digit of w?
1
Let p(l) = l. Let c(t) = 15*t. Let b(y) = -c(y) + 9*p(y). Let o be b(1). What is the units digit of 1 + 0 + (-24)/o?
5
Let x = 12 - -156. Let i = x - 120. What is the units digit of i?
8
Let w(r) = r**3 - r**2 + 2. Let z be w(0). Suppose -19 = -5*j - b - 0*b, -j - z*b = -2. Suppose -a + 31 = -u - 30, a - 73 = j*u. What is the tens digit of a?
5
Suppose -x + 14 = 6. Suppose 0 = -3*l + x + 7. Let u(o) = 9*o - 1. What is the units digit of u(l)?
4
Let m = 0 + 4. Suppose 0 = 5*l - m*r + 86, 2*l = 7*l - r + 74. What is the units digit of (-5)/35 + (-212)/l?
5
Let p = -1 - 3. Let y(l) = 7*l**2 - 4*l. What is the hundreds digit of y(p)?
1
What is the units digit of 87*(-73)/((-7 + 8)*-3)?
7
Let j = -145 - -213. Suppose -20 = 4*i - 9*i. Suppose i*d - 13 = -2*x + 15, -4*x - 5*d + j = 0. What is the tens digit of x?
2
Let i(o) be the third derivative of o**6/120 + o**5/4 - 11*o**4/12 + 19*o**3/6 + 10*o**2. What is the hundreds digit of i(-16)?
1
Let w = -8 - -9. Let j be ((0 + w)*-37)/1. Let l = -7 - j. What is the units digit of l?
0
Let d be -2 - (0 - (-4 + 2)). Suppose 9*x - 31 = 6*x - 5*o, 5*x - 5*o = -15. What is the units digit of -6*(x/d + -1)?
9
Let l(g) = g**2 - 4*g - 7. Let y(x) = -x**2 - 2*x + 5. Let j be y(-4). What is the units digit of l(j)?
4
Suppose -828 = 68*p - 71*p. What is the tens digit of p?
7
Let x = -2745 + 3910. What is the tens digit of x?
6
Let y(v) = -235*v + 157. What is the hundreds digit of y(-8)?
0
Suppose 8*k - 6539 = 3*k + 3*x, -3*k - 5*x + 3937 = 0. Suppose -4*b - 7*b + k = 0. What is the tens digit of b?
1
Suppose -468 = -5*q - 2*b + 5393, -2*b = 4. What is the hundreds digit of q?
1
Let y be 9/27 + ((-22)/(-6) - 1). Suppose -y*d - 3*u = -90, u = d + 3*u - 34. What is the tens digit of d?
2
Let g(y) = -y**2 + 7*y. Let d be g(6). Suppose d*m - 9 = 3. Suppose 0 = 3*u - f - 89, m*f = 3*u - 6*u + 101. What is the tens digit of u?
3
Let n = -4 - -9. Let d = n - -13. Let h = d + 12. What is the units digit of h?
0
Let z(c) be the second derivative of 0 + 2*c**2 + 1/2*c**3 + 1/12*c**4 - 4*c. What is the units digit of z(3)?
2
Suppose 3*f = 3*j + 6, j - 2*f + 4*f = 13. Suppose -j*b + 913 - 265 = 0. What is the tens digit of (b/20)/((-4)/(-10))?
2
Suppose 8*r - 3*v = 3*r + 201, 4*r - 177 = -3*v. Suppose -b - r = -4*b. Let s = 4 + b. What is the tens digit of s?
1
Let m(r) = 2*r**3 + 8*r**2 + 9*r + 4. Let b be m(-6). Let p = b - -399. What is the tens digit of p?
0
What is the hundreds digit of (-4)/6 + 103505/381?
2
Let g(i) = -i**2 + 14. Let n be g(0). Let m be (-4)/(-12) + n/3. Suppose -103 = -2*p - m*k, -150 - 42 = -3*p + 5*k. What is the tens digit of p?
5
Let o(i) = -10*i - 16. Let c(t) = t**3 + 6*t**2 - 8. Let h be c(-6). What is the units digit of o(h)?
4
Let o(j) = -2*j**3 - 7*j + 228. What is the units digit of o(0)?
8
Suppose 5*u - 3920 = u + 4*t, -5*u + 4*t + 4904 = 0. Suppose 0 = 9*z + 3*z - u. What is the units digit of z?
2
Suppose -2*m + 6 = 0, 1023 = y + 2*y - 3*m. What is the tens digit of (y/10)/((-10)/(-50))?
7
Let x be -3*(-6)/(-9)*-1. Let m = 2 + x. What is the units digit of m/(-6*(-8)/36)?
3
Let z(a) be the first derivative of -a**5/20 - a**4/3 + a**3 + 4*a**2 + 4*a - 6. Let q(h) be the first derivative of z(h). What is the tens digit of q(-6)?
4
Let r(o) = 15*o + 170. What is the units digit of r(23)?
5
Let o = -343 + 712. What is the hundreds digit of o?
3
Let z be 58/7 - 18/63. Suppose -z*u + 403 - 131 = 0. What is the units digit of u?
4
Let g be (16/20 - -1)*(-2 + -3). Let t = g + 81. What is the units digit of t?
2
Let l be 87 + (-12)/((-4)/(-1)). Let s be (1 - l)*(-3 - -4). Let x = s + 118. What is the tens digit of x?
3
What is the hundreds digit of 534/(-5)*(15/2)/(-3)?
2
Let m be (-6 - -24) + (-2)/1. Suppose -3*i = 4*x + 2*i + 51, x - 2*i + m = 0. What is the tens digit of (1*x)/(-2)*5?
3
Let v(o) = 7*o**2 - 12*o - 47. What is the units digit of v(12)?
7
Let q(a) = a**3 + 11*a**2 - 18*a - 23. What is the units digit of q(7)?
3
Suppose -6 - 1 = 4*r - 5*y, -2*r - y = -7. Let u(a) = 1 - 2*a - r*a**2 + 3*a**2 - 1. What is the units digit of u(4)?
8
Suppose -2725 = -3*d - 421. What is the tens digit of d?
6
Let h(s) = s**3 + 11*s**2 + 3*s - 24. Let n be h(-10). Let w = n + 78. What is the tens digit of w?
2
Suppose 4*g - 4 = 4. Suppose -g*a - 2*a + 104 = 0. What is the units digit of a?
6
Let q(u) = u**3 + 5*u**2 + 3*u + 2. Let i be q(-4). Suppose 0 = 4*x + 2*v - 32, 3*x - 2*v + i = 23. Suppose 3*l - x = 20. What is the units digit of l?
9
Suppose -28 + 94 = -3*p. Suppose 0 = -4*x + 3*v + 16, 4*v + 6 = -3*x - 7. What is the units digit of (x - p)*(-2)/(-2)?
3
Let p be -9 - 12/8*-2. Let o be 4*(-2 + (-15)/p). Suppose o*l - m = 24, 2*m - 5*m + 49 = 5*l. What is the tens digit of l?
1
Let m(v) = v**3 + 51*v**2 - 168*v - 153. What is the hundreds digit of m(-54)?
1
Let d be 15/12*8/1. Let f(c) = 11*c + 9. Let t be f(d). Suppose -5*y = -4*r - 27 + 156, -4*r + t = 5*y. What is the units digit of r?
1
Let w be (-1)/(-3 + 1 + 1). Let t = 9 + w. What is the units digit of 8 - t - (-20)/2?
8
Suppose 36*p - 13966 - 11018 = 0. What is the units digit of p?
4
Let n = -118 - -181. Let x = 118 - n. Let w = x + -21. What is the units digit of w?
4
Let j(m) = m**3 + 4*m**2 - 7*m - 5. Let f be j(-5). Suppose -k = -f*k + 28. Suppose 57 = 5*c + k. What is the units digit of c?
0
Let m be (-2)/(-3) + (-615)/(-9). Suppose 2*w + 11 - m = 0. Let l = w - 19. What is the units digit of l?
0
What is the tens digit of 1/(-6) - (1677/(-18) + 5)?
8
Let z(r) = r**2 + r + 2. Let x(v) = -4*v**2 + 1. Let k be x(2). Let c be k/(-6) + (-2)/4. What is the units digit of z(c)?
8
Let o(u) = 5*u**2 + 3*u - 2. Let c(d) = -d**2 + 10*d - 27. Let g be c(6). What is the tens digit of o(g)?
3
Let v be -3*15/(-9) + 1. Let x be 42/v - 4/2. Suppose -3*u - 10 = -x*u, u - 200 = -5*h. What is the units digit of h?
9
Suppose -2*q = -0*q - 30. Suppose -2*o - 2*y = 10, -3*y = -3*o + o + q. Suppose o = p - 10. What is the tens digit of p?
1
What is the thousands digit of 0 + 131055/55 + (-12)/(-66)?
2
Suppose 3*y - 138 - 342 = 0. What is the units digit of y/(-15)*(-5)/((-5)/(-6))?
4
Let l(o) = 47 - 19*o**2 + 37 - 16*o - o**3 - 2*o**2 - 130. What is the tens digit of l(-21)?
9
Suppose 0 = -5*a - 2*l + 31, 0 = 4*a + 4*l - 2*l - 24. Let h = a + -15. Let k(m) = -m**2 - 10*m - 10. What is the units digit of k(h)?
6
What is the tens digit of 4/(-3) + 2 + 1104842/258?
8
Suppose 9 = -3*b, -155 = -5*t - 4*b - 1312. Let y = 409 + t. What is the hundreds digit of y?
1
Let w(t) be the third derivative of t**4/3 - t**3/6 + 12*t**2. Let f = 2 + -1. What is the units digit of w(f)?
7
Suppose 0 = -7*n - 505 + 4642. What is the tens digit of n?
9
Let w = 441 + 1